{"id":524,"date":"2025-07-18T14:03:51","date_gmt":"2025-07-18T14:03:51","guid":{"rendered":"https:\/\/theorg-homepageservice-kunden.de\/musterseite-2\/?page_id=524"},"modified":"2025-08-25T12:44:28","modified_gmt":"2025-08-25T12:44:28","slug":"physiotherapie","status":"publish","type":"page","link":"https:\/\/theorg-homepageservice-kunden.de\/musterseite-2\/physiotherapie\/","title":{"rendered":"Physiotherapie"},"content":{"rendered":"\n<div class=\"wp-block-group alignfull has-global-padding is-layout-constrained wp-block-group-is-layout-constrained\">\n<div class=\"wp-block-group alignwide is-layout-flow wp-block-group-is-layout-flow\">\n<p>Unser Ziel ist es, Ihre Beweglichkeit zu f\u00f6rdern, Schmerzen zu lindern und Ihre Lebensqualit\u00e4t zu verbessern. Unsere erfahrenen Therapeuten setzen moderne Behandlungsmethoden ein, um Ihre gesundheitlichen Ziele effizient und nachhaltig zu erreichen.<\/p>\n\n\n\n<p>Wir nehmen uns Zeit, um die Ursachen Ihrer Beschwerden genau zu analysieren und einen ma\u00dfgeschneiderten Therapieplan zu entwickeln. Unser Team aus erfahrenen und spezialisierten Physiotherapeuten nutzt moderne Behandlungstechniken, um schnell und effektiv Ergebnisse zu erzielen.<\/p>\n<\/div>\n<\/div>\n\n\n\n<div class=\"wp-block-group alignwide has-global-padding is-layout-constrained wp-container-core-group-is-layout-50cf154c wp-block-group-is-layout-constrained\" style=\"padding-top:var(--wp--preset--spacing--large);padding-bottom:var(--wp--preset--spacing--xx-large)\">\n<div class=\"wp-block-columns alignwide is-layout-flex wp-container-core-columns-is-layout-f619a8c7 wp-block-columns-is-layout-flex\">\n<div class=\"wp-block-column is-layout-flow wp-block-column-is-layout-flow\">\n<div class=\"wp-block-group has-border-color has-outline-border-color has-global-padding is-layout-constrained wp-container-core-group-is-layout-8a12e6d0 wp-block-group-is-layout-constrained\" style=\"border-width:1px;border-radius:8px;padding-top:var(--wp--preset--spacing--medium);padding-right:var(--wp--preset--spacing--medium);padding-bottom:var(--wp--preset--spacing--medium);padding-left:var(--wp--preset--spacing--medium)\">\n<div class=\"wp-block-group has-global-padding is-layout-constrained wp-container-core-group-is-layout-7c6d2669 wp-block-group-is-layout-constrained\">\n<h3 class=\"wp-block-heading has-large-font-size\">Kassenleistungen<\/h3>\n<\/div>\n\n\n\n<div class=\"wp-block-group has-global-padding is-layout-constrained wp-block-group-is-layout-constrained\">\n<div class=\"wp-block-group is-nowrap is-layout-flex wp-container-core-group-is-layout-c9cd095c wp-block-group-is-layout-flex\" style=\"line-height:1.3\">\n<figure class=\"wp-block-image size-full swt-duotone-secondary wp-duotone-secondary\"><img decoding=\"async\" src=\"https:\/\/theorg-homepageservice-kunden.de\/musterseite-2\/wp-content\/themes\/spectra-one\/assets\/image\/circle-check.svg\" alt=\"\" class=\"wp-image-59\"\/><\/figure>\n\n\n\n<p class=\"has-small-font-size wp-container-content-5113e852\" style=\"line-height:1.5\">Manuelle Therapie auch bei Kiefergelenksbeschwerden<\/p>\n<\/div>\n\n\n\n<div class=\"wp-block-group is-nowrap is-layout-flex wp-container-core-group-is-layout-c9cd095c wp-block-group-is-layout-flex\" style=\"line-height:1.3\">\n<figure class=\"wp-block-image size-full swt-duotone-secondary wp-duotone-secondary\"><img decoding=\"async\" src=\"https:\/\/theorg-homepageservice-kunden.de\/musterseite-2\/wp-content\/themes\/spectra-one\/assets\/image\/circle-check.svg\" alt=\"\" class=\"wp-image-59\"\/><\/figure>\n\n\n\n<p class=\"has-small-font-size wp-container-content-5113e852\" style=\"line-height:1.5\">Krankengymnastik<\/p>\n<\/div>\n\n\n\n<div class=\"wp-block-group is-nowrap is-layout-flex wp-container-core-group-is-layout-c9cd095c wp-block-group-is-layout-flex\" style=\"line-height:1.3\">\n<figure class=\"wp-block-image size-full swt-duotone-secondary wp-duotone-secondary\"><img decoding=\"async\" src=\"https:\/\/theorg-homepageservice-kunden.de\/musterseite-2\/wp-content\/themes\/spectra-one\/assets\/image\/circle-check.svg\" alt=\"\" class=\"wp-image-59\"\/><\/figure>\n\n\n\n<p class=\"has-small-font-size wp-container-content-5113e852\" style=\"line-height:1.5\">Krankengymnastik zur besseren Wahrnehmung und St\u00e4rkung des Beckenbodens<\/p>\n<\/div>\n\n\n\n<div class=\"wp-block-group is-nowrap is-layout-flex wp-container-core-group-is-layout-c9cd095c wp-block-group-is-layout-flex\" style=\"line-height:1.3\">\n<figure class=\"wp-block-image size-full swt-duotone-secondary wp-duotone-secondary\"><img decoding=\"async\" src=\"https:\/\/theorg-homepageservice-kunden.de\/musterseite-2\/wp-content\/themes\/spectra-one\/assets\/image\/circle-check.svg\" alt=\"\" class=\"wp-image-59\"\/><\/figure>\n\n\n\n<p class=\"has-small-font-size wp-container-content-5113e852\" style=\"line-height:1.5\">Krankengymnastik nach Bobath, nach Sch\u00e4del-Hirn-Trauma, neurologische Erkrankungen<\/p>\n<\/div>\n\n\n\n<div class=\"wp-block-group is-nowrap is-layout-flex wp-container-core-group-is-layout-c9cd095c wp-block-group-is-layout-flex\" style=\"line-height:1.3\">\n<figure class=\"wp-block-image size-full swt-duotone-secondary wp-duotone-secondary\"><img decoding=\"async\" src=\"https:\/\/theorg-homepageservice-kunden.de\/musterseite-2\/wp-content\/themes\/spectra-one\/assets\/image\/circle-check.svg\" alt=\"\" class=\"wp-image-59\"\/><\/figure>\n\n\n\n<p class=\"has-small-font-size wp-container-content-5113e852\" style=\"line-height:1.5\">Krankengymnastik nach Vojta, f\u00fcr S\u00e4uglinge und Kleinkinder, neurologische Erkrankungen<\/p>\n<\/div>\n\n\n\n<div class=\"wp-block-group is-nowrap is-layout-flex wp-container-core-group-is-layout-c9cd095c wp-block-group-is-layout-flex\" style=\"line-height:1.3\">\n<figure class=\"wp-block-image size-full swt-duotone-secondary wp-duotone-secondary\"><img decoding=\"async\" src=\"https:\/\/theorg-homepageservice-kunden.de\/musterseite-2\/wp-content\/themes\/spectra-one\/assets\/image\/circle-check.svg\" alt=\"\" class=\"wp-image-59\"\/><\/figure>\n\n\n\n<p class=\"has-small-font-size wp-container-content-5113e852\" style=\"line-height:1.5\">Lymphdrainage<\/p>\n<\/div>\n<\/div>\n<\/div>\n<\/div>\n\n\n\n<div class=\"wp-block-column is-layout-flow wp-block-column-is-layout-flow\">\n<div class=\"wp-block-group has-border-color has-outline-border-color has-global-padding is-layout-constrained wp-container-core-group-is-layout-8a12e6d0 wp-block-group-is-layout-constrained\" style=\"border-width:1px;border-radius:8px;padding-top:var(--wp--preset--spacing--medium);padding-right:var(--wp--preset--spacing--medium);padding-bottom:var(--wp--preset--spacing--medium);padding-left:var(--wp--preset--spacing--medium)\">\n<div class=\"wp-block-group has-global-padding is-layout-constrained wp-container-core-group-is-layout-7c6d2669 wp-block-group-is-layout-constrained\">\n<h3 class=\"wp-block-heading has-large-font-size\">Selbstzahlerleistungen<\/h3>\n<\/div>\n\n\n\n<div class=\"wp-block-group has-global-padding is-layout-constrained wp-block-group-is-layout-constrained\">\n<div class=\"wp-block-group is-nowrap is-layout-flex wp-container-core-group-is-layout-c9cd095c wp-block-group-is-layout-flex\" style=\"line-height:1.3\">\n<figure class=\"wp-block-image size-full swt-duotone-secondary wp-duotone-secondary\"><img decoding=\"async\" src=\"https:\/\/theorg-homepageservice-kunden.de\/musterseite-2\/wp-content\/themes\/spectra-one\/assets\/image\/circle-check.svg\" alt=\"\" class=\"wp-image-59\"\/><\/figure>\n\n\n\n<p class=\"has-small-font-size wp-container-content-5113e852\" style=\"line-height:1.5\">Entspannung f\u00fcr Kopf und Nacken \/ Migr\u00e4netherapie<\/p>\n<\/div>\n\n\n\n<div class=\"wp-block-group is-nowrap is-layout-flex wp-container-core-group-is-layout-c9cd095c wp-block-group-is-layout-flex\" style=\"line-height:1.3\">\n<figure class=\"wp-block-image size-full swt-duotone-secondary wp-duotone-secondary\"><img decoding=\"async\" src=\"https:\/\/theorg-homepageservice-kunden.de\/musterseite-2\/wp-content\/themes\/spectra-one\/assets\/image\/circle-check.svg\" alt=\"\" class=\"wp-image-59\"\/><\/figure>\n\n\n\n<p class=\"has-small-font-size wp-container-content-5113e852\" style=\"line-height:1.5\">Faszienbehandlung bei hartn\u00e4ckigen Muskelbeschwerden<\/p>\n<\/div>\n\n\n\n<div class=\"wp-block-group is-nowrap is-layout-flex wp-container-core-group-is-layout-c9cd095c wp-block-group-is-layout-flex\" style=\"line-height:1.3\">\n<figure class=\"wp-block-image size-full swt-duotone-secondary wp-duotone-secondary\"><img decoding=\"async\" src=\"https:\/\/theorg-homepageservice-kunden.de\/musterseite-2\/wp-content\/themes\/spectra-one\/assets\/image\/circle-check.svg\" alt=\"\" class=\"wp-image-59\"\/><\/figure>\n\n\n\n<p class=\"has-small-font-size wp-container-content-5113e852\" style=\"line-height:1.5\">Fu\u00dfreflexzonenmassage<br><\/p>\n<\/div>\n<\/div>\n<\/div>\n<\/div>\n<\/div>\n\n\n\n<p><\/p>\n<\/div>\n\n\n\n<p><\/p>\n","protected":false},"excerpt":{"rendered":"<p>Unser Ziel ist es, Ihre Beweglichkeit zu f\u00f6rdern, Schmerzen zu lindern und Ihre Lebensqualit\u00e4t zu verbessern. Unsere erfahrenen Therapeuten setzen moderne Behandlungsmethoden ein, um Ihre gesundheitlichen Ziele effizient und nachhaltig zu erreichen. Wir nehmen uns Zeit, um die Ursachen Ihrer Beschwerden genau zu analysieren und einen ma\u00dfgeschneiderten Therapieplan zu entwickeln. Unser Team aus erfahrenen und [&hellip;]<\/p>\n","protected":false},"author":1,"featured_media":428,"parent":0,"menu_order":0,"comment_status":"closed","ping_status":"closed","template":"","meta":{"_uag_custom_page_level_css":"","_swt_meta_header_display":false,"_swt_meta_footer_display":false,"_swt_meta_site_title_display":false,"_swt_meta_sticky_header":false,"_swt_meta_transparent_header":false,"footnotes":""},"class_list":["post-524","page","type-page","status-publish","has-post-thumbnail","hentry"],"yoast_head":"<!-- This site is optimized with the Yoast SEO plugin v27.1.1 - https:\/\/yoast.com\/product\/yoast-seo-wordpress\/ -->\n<title>Physiotherapie - Musterseite 2<\/title>\n<meta name=\"description\" content=\"sanare Physiotherapie in Musterstadt mit umfangreichen Physiotherapie-Leistungen in modernen R\u00e4umlichkeiten. Jetzt mehr erfahren.\" \/>\n<meta name=\"robots\" content=\"noindex, follow, max-snippet:-1, max-image-preview:large, max-video-preview:-1\" \/>\n<meta property=\"og:locale\" content=\"de_DE\" \/>\n<meta property=\"og:type\" content=\"article\" \/>\n<meta property=\"og:title\" content=\"Physiotherapie - Musterseite 2\" \/>\n<meta property=\"og:description\" content=\"sanare Physiotherapie in Musterstadt mit umfangreichen Physiotherapie-Leistungen in modernen R\u00e4umlichkeiten. Jetzt mehr erfahren.\" \/>\n<meta property=\"og:url\" content=\"https:\/\/theorg-homepageservice-kunden.de\/musterseite-2\/physiotherapie\/\" \/>\n<meta property=\"og:site_name\" content=\"Musterseite 2\" \/>\n<meta property=\"article:modified_time\" content=\"2025-08-25T12:44:28+00:00\" \/>\n<meta property=\"og:image\" content=\"https:\/\/theorg-homepageservice-kunden.de\/musterseite-2\/wp-content\/uploads\/sites\/3\/2025\/07\/physiotherapie_firefly.webp\" \/>\n\t<meta property=\"og:image:width\" content=\"1800\" \/>\n\t<meta property=\"og:image:height\" content=\"1029\" \/>\n\t<meta property=\"og:image:type\" content=\"image\/webp\" \/>\n<meta name=\"twitter:card\" content=\"summary_large_image\" \/>\n<meta name=\"twitter:label1\" content=\"Gesch\u00e4tzte Lesezeit\" \/>\n\t<meta name=\"twitter:data1\" content=\"3\u00a0Minuten\" \/>\n<script type=\"application\/ld+json\" class=\"yoast-schema-graph\">{\"@context\":\"https:\/\/schema.org\",\"@graph\":[{\"@type\":\"WebPage\",\"@id\":\"https:\/\/theorg-homepageservice-kunden.de\/musterseite-2\/physiotherapie\/\",\"url\":\"https:\/\/theorg-homepageservice-kunden.de\/musterseite-2\/physiotherapie\/\",\"name\":\"Physiotherapie - Musterseite 2\",\"isPartOf\":{\"@id\":\"https:\/\/theorg-homepageservice-kunden.de\/musterseite-2\/#website\"},\"primaryImageOfPage\":{\"@id\":\"https:\/\/theorg-homepageservice-kunden.de\/musterseite-2\/physiotherapie\/#primaryimage\"},\"image\":{\"@id\":\"https:\/\/theorg-homepageservice-kunden.de\/musterseite-2\/physiotherapie\/#primaryimage\"},\"thumbnailUrl\":\"https:\/\/theorg-homepageservice-kunden.de\/musterseite-2\/wp-content\/uploads\/sites\/3\/2025\/07\/physiotherapie_firefly.webp\",\"datePublished\":\"2025-07-18T14:03:51+00:00\",\"dateModified\":\"2025-08-25T12:44:28+00:00\",\"description\":\"sanare Physiotherapie in Musterstadt mit umfangreichen Physiotherapie-Leistungen in modernen R\u00e4umlichkeiten. Jetzt mehr erfahren.\",\"breadcrumb\":{\"@id\":\"https:\/\/theorg-homepageservice-kunden.de\/musterseite-2\/physiotherapie\/#breadcrumb\"},\"inLanguage\":\"de\",\"potentialAction\":[{\"@type\":\"ReadAction\",\"target\":[\"https:\/\/theorg-homepageservice-kunden.de\/musterseite-2\/physiotherapie\/\"]}]},{\"@type\":\"ImageObject\",\"inLanguage\":\"de\",\"@id\":\"https:\/\/theorg-homepageservice-kunden.de\/musterseite-2\/physiotherapie\/#primaryimage\",\"url\":\"https:\/\/theorg-homepageservice-kunden.de\/musterseite-2\/wp-content\/uploads\/sites\/3\/2025\/07\/physiotherapie_firefly.webp\",\"contentUrl\":\"https:\/\/theorg-homepageservice-kunden.de\/musterseite-2\/wp-content\/uploads\/sites\/3\/2025\/07\/physiotherapie_firefly.webp\",\"width\":1800,\"height\":1029,\"caption\":\"Eine Frau liegt bei einer Physiotherapie-Sitzung auf einer Liege in hellen Praxisr\u00e4umen. Eine andere Frau in Praxiskleidung h\u00e4lt ihr Bein in den H\u00e4nden.\"},{\"@type\":\"BreadcrumbList\",\"@id\":\"https:\/\/theorg-homepageservice-kunden.de\/musterseite-2\/physiotherapie\/#breadcrumb\",\"itemListElement\":[{\"@type\":\"ListItem\",\"position\":1,\"name\":\"Startseite\",\"item\":\"https:\/\/theorg-homepageservice-kunden.de\/musterseite-2\/\"},{\"@type\":\"ListItem\",\"position\":2,\"name\":\"Physiotherapie\"}]},{\"@type\":\"WebSite\",\"@id\":\"https:\/\/theorg-homepageservice-kunden.de\/musterseite-2\/#website\",\"url\":\"https:\/\/theorg-homepageservice-kunden.de\/musterseite-2\/\",\"name\":\"Musterseite 2\",\"description\":\"sanare Physiotherapie Musterseite 2\",\"publisher\":{\"@id\":\"https:\/\/theorg-homepageservice-kunden.de\/musterseite-2\/#organization\"},\"potentialAction\":[{\"@type\":\"SearchAction\",\"target\":{\"@type\":\"EntryPoint\",\"urlTemplate\":\"https:\/\/theorg-homepageservice-kunden.de\/musterseite-2\/?s={search_term_string}\"},\"query-input\":{\"@type\":\"PropertyValueSpecification\",\"valueRequired\":true,\"valueName\":\"search_term_string\"}}],\"inLanguage\":\"de\"},{\"@type\":\"Organization\",\"@id\":\"https:\/\/theorg-homepageservice-kunden.de\/musterseite-2\/#organization\",\"name\":\"Musterseite 2\",\"url\":\"https:\/\/theorg-homepageservice-kunden.de\/musterseite-2\/\",\"logo\":{\"@type\":\"ImageObject\",\"inLanguage\":\"de\",\"@id\":\"https:\/\/theorg-homepageservice-kunden.de\/musterseite-2\/#\/schema\/logo\/image\/\",\"url\":\"https:\/\/theorg-homepageservice-kunden.de\/musterseite-2\/wp-content\/uploads\/sites\/3\/2025\/07\/sanare_logo_lila.webp\",\"contentUrl\":\"https:\/\/theorg-homepageservice-kunden.de\/musterseite-2\/wp-content\/uploads\/sites\/3\/2025\/07\/sanare_logo_lila.webp\",\"width\":512,\"height\":129,\"caption\":\"Musterseite 2\"},\"image\":{\"@id\":\"https:\/\/theorg-homepageservice-kunden.de\/musterseite-2\/#\/schema\/logo\/image\/\"}}]}<\/script>\n<!-- \/ Yoast SEO plugin. -->","yoast_head_json":{"title":"Physiotherapie - Musterseite 2","description":"sanare Physiotherapie in Musterstadt mit umfangreichen Physiotherapie-Leistungen in modernen R\u00e4umlichkeiten. Jetzt mehr erfahren.","robots":{"index":"noindex","follow":"follow","max-snippet":"max-snippet:-1","max-image-preview":"max-image-preview:large","max-video-preview":"max-video-preview:-1"},"og_locale":"de_DE","og_type":"article","og_title":"Physiotherapie - Musterseite 2","og_description":"sanare Physiotherapie in Musterstadt mit umfangreichen Physiotherapie-Leistungen in modernen R\u00e4umlichkeiten. Jetzt mehr erfahren.","og_url":"https:\/\/theorg-homepageservice-kunden.de\/musterseite-2\/physiotherapie\/","og_site_name":"Musterseite 2","article_modified_time":"2025-08-25T12:44:28+00:00","og_image":[{"width":1800,"height":1029,"url":"https:\/\/theorg-homepageservice-kunden.de\/musterseite-2\/wp-content\/uploads\/sites\/3\/2025\/07\/physiotherapie_firefly.webp","type":"image\/webp"}],"twitter_card":"summary_large_image","twitter_misc":{"Gesch\u00e4tzte Lesezeit":"3\u00a0Minuten"},"schema":{"@context":"https:\/\/schema.org","@graph":[{"@type":"WebPage","@id":"https:\/\/theorg-homepageservice-kunden.de\/musterseite-2\/physiotherapie\/","url":"https:\/\/theorg-homepageservice-kunden.de\/musterseite-2\/physiotherapie\/","name":"Physiotherapie - Musterseite 2","isPartOf":{"@id":"https:\/\/theorg-homepageservice-kunden.de\/musterseite-2\/#website"},"primaryImageOfPage":{"@id":"https:\/\/theorg-homepageservice-kunden.de\/musterseite-2\/physiotherapie\/#primaryimage"},"image":{"@id":"https:\/\/theorg-homepageservice-kunden.de\/musterseite-2\/physiotherapie\/#primaryimage"},"thumbnailUrl":"https:\/\/theorg-homepageservice-kunden.de\/musterseite-2\/wp-content\/uploads\/sites\/3\/2025\/07\/physiotherapie_firefly.webp","datePublished":"2025-07-18T14:03:51+00:00","dateModified":"2025-08-25T12:44:28+00:00","description":"sanare Physiotherapie in Musterstadt mit umfangreichen Physiotherapie-Leistungen in modernen R\u00e4umlichkeiten. Jetzt mehr erfahren.","breadcrumb":{"@id":"https:\/\/theorg-homepageservice-kunden.de\/musterseite-2\/physiotherapie\/#breadcrumb"},"inLanguage":"de","potentialAction":[{"@type":"ReadAction","target":["https:\/\/theorg-homepageservice-kunden.de\/musterseite-2\/physiotherapie\/"]}]},{"@type":"ImageObject","inLanguage":"de","@id":"https:\/\/theorg-homepageservice-kunden.de\/musterseite-2\/physiotherapie\/#primaryimage","url":"https:\/\/theorg-homepageservice-kunden.de\/musterseite-2\/wp-content\/uploads\/sites\/3\/2025\/07\/physiotherapie_firefly.webp","contentUrl":"https:\/\/theorg-homepageservice-kunden.de\/musterseite-2\/wp-content\/uploads\/sites\/3\/2025\/07\/physiotherapie_firefly.webp","width":1800,"height":1029,"caption":"Eine Frau liegt bei einer Physiotherapie-Sitzung auf einer Liege in hellen Praxisr\u00e4umen. Eine andere Frau in Praxiskleidung h\u00e4lt ihr Bein in den H\u00e4nden."},{"@type":"BreadcrumbList","@id":"https:\/\/theorg-homepageservice-kunden.de\/musterseite-2\/physiotherapie\/#breadcrumb","itemListElement":[{"@type":"ListItem","position":1,"name":"Startseite","item":"https:\/\/theorg-homepageservice-kunden.de\/musterseite-2\/"},{"@type":"ListItem","position":2,"name":"Physiotherapie"}]},{"@type":"WebSite","@id":"https:\/\/theorg-homepageservice-kunden.de\/musterseite-2\/#website","url":"https:\/\/theorg-homepageservice-kunden.de\/musterseite-2\/","name":"Musterseite 2","description":"sanare Physiotherapie Musterseite 2","publisher":{"@id":"https:\/\/theorg-homepageservice-kunden.de\/musterseite-2\/#organization"},"potentialAction":[{"@type":"SearchAction","target":{"@type":"EntryPoint","urlTemplate":"https:\/\/theorg-homepageservice-kunden.de\/musterseite-2\/?s={search_term_string}"},"query-input":{"@type":"PropertyValueSpecification","valueRequired":true,"valueName":"search_term_string"}}],"inLanguage":"de"},{"@type":"Organization","@id":"https:\/\/theorg-homepageservice-kunden.de\/musterseite-2\/#organization","name":"Musterseite 2","url":"https:\/\/theorg-homepageservice-kunden.de\/musterseite-2\/","logo":{"@type":"ImageObject","inLanguage":"de","@id":"https:\/\/theorg-homepageservice-kunden.de\/musterseite-2\/#\/schema\/logo\/image\/","url":"https:\/\/theorg-homepageservice-kunden.de\/musterseite-2\/wp-content\/uploads\/sites\/3\/2025\/07\/sanare_logo_lila.webp","contentUrl":"https:\/\/theorg-homepageservice-kunden.de\/musterseite-2\/wp-content\/uploads\/sites\/3\/2025\/07\/sanare_logo_lila.webp","width":512,"height":129,"caption":"Musterseite 2"},"image":{"@id":"https:\/\/theorg-homepageservice-kunden.de\/musterseite-2\/#\/schema\/logo\/image\/"}}]}},"uagb_featured_image_src":{"full":["https:\/\/theorg-homepageservice-kunden.de\/musterseite-2\/wp-content\/uploads\/sites\/3\/2025\/07\/physiotherapie_firefly.webp",1800,1029,false],"thumbnail":["https:\/\/theorg-homepageservice-kunden.de\/musterseite-2\/wp-content\/uploads\/sites\/3\/2025\/07\/physiotherapie_firefly-150x150.webp",150,150,true],"medium":["https:\/\/theorg-homepageservice-kunden.de\/musterseite-2\/wp-content\/uploads\/sites\/3\/2025\/07\/physiotherapie_firefly-300x172.webp",300,172,true],"medium_large":["https:\/\/theorg-homepageservice-kunden.de\/musterseite-2\/wp-content\/uploads\/sites\/3\/2025\/07\/physiotherapie_firefly-768x439.webp",768,439,true],"large":["https:\/\/theorg-homepageservice-kunden.de\/musterseite-2\/wp-content\/uploads\/sites\/3\/2025\/07\/physiotherapie_firefly-1024x585.webp",1024,585,true],"1536x1536":["https:\/\/theorg-homepageservice-kunden.de\/musterseite-2\/wp-content\/uploads\/sites\/3\/2025\/07\/physiotherapie_firefly-1536x878.webp",1536,878,true],"2048x2048":["https:\/\/theorg-homepageservice-kunden.de\/musterseite-2\/wp-content\/uploads\/sites\/3\/2025\/07\/physiotherapie_firefly.webp",1800,1029,false]},"uagb_author_info":{"display_name":"admin_marketing","author_link":"https:\/\/theorg-homepageservice-kunden.de\/musterseite-2\/author\/admin\/"},"uagb_comment_info":0,"uagb_excerpt":"Unser Ziel ist es, Ihre Beweglichkeit zu f\u00f6rdern, Schmerzen zu lindern und Ihre Lebensqualit\u00e4t zu verbessern. Unsere erfahrenen Therapeuten setzen moderne Behandlungsmethoden ein, um Ihre gesundheitlichen Ziele effizient und nachhaltig zu erreichen. Wir nehmen uns Zeit, um die Ursachen Ihrer Beschwerden genau zu analysieren und einen ma\u00dfgeschneiderten Therapieplan zu entwickeln. Unser Team aus erfahrenen und&hellip;","_links":{"self":[{"href":"https:\/\/theorg-homepageservice-kunden.de\/musterseite-2\/wp-json\/wp\/v2\/pages\/524","targetHints":{"allow":["GET"]}}],"collection":[{"href":"https:\/\/theorg-homepageservice-kunden.de\/musterseite-2\/wp-json\/wp\/v2\/pages"}],"about":[{"href":"https:\/\/theorg-homepageservice-kunden.de\/musterseite-2\/wp-json\/wp\/v2\/types\/page"}],"author":[{"embeddable":true,"href":"https:\/\/theorg-homepageservice-kunden.de\/musterseite-2\/wp-json\/wp\/v2\/users\/1"}],"replies":[{"embeddable":true,"href":"https:\/\/theorg-homepageservice-kunden.de\/musterseite-2\/wp-json\/wp\/v2\/comments?post=524"}],"version-history":[{"count":14,"href":"https:\/\/theorg-homepageservice-kunden.de\/musterseite-2\/wp-json\/wp\/v2\/pages\/524\/revisions"}],"predecessor-version":[{"id":656,"href":"https:\/\/theorg-homepageservice-kunden.de\/musterseite-2\/wp-json\/wp\/v2\/pages\/524\/revisions\/656"}],"wp:featuredmedia":[{"embeddable":true,"href":"https:\/\/theorg-homepageservice-kunden.de\/musterseite-2\/wp-json\/wp\/v2\/media\/428"}],"wp:attachment":[{"href":"https:\/\/theorg-homepageservice-kunden.de\/musterseite-2\/wp-json\/wp\/v2\/media?parent=524"}],"curies":[{"name":"wp","href":"https:\/\/api.w.org\/{rel}","templated":true}]}}