{"id":215,"date":"2025-07-08T14:24:15","date_gmt":"2025-07-08T12:24:15","guid":{"rendered":"https:\/\/theorg-homepageservice-kunden.de\/musterseite-4\/?page_id=215"},"modified":"2025-08-12T11:53:02","modified_gmt":"2025-08-12T09:53:02","slug":"entspannungstherapie","status":"publish","type":"page","link":"https:\/\/theorg-homepageservice-kunden.de\/musterseite-4\/entspannungstherapie\/","title":{"rendered":"Entspannungstherapie"},"content":{"rendered":"\n<div class=\"wp-block-group alignfull has-quaternary-background-color has-background has-global-padding is-layout-constrained wp-container-core-group-is-layout-3a8be60b wp-block-group-is-layout-constrained\" style=\"margin-top:0;margin-bottom:0;padding-bottom:var(--wp--preset--spacing--x-large)\">\n<div class=\"wp-block-columns alignwide is-layout-flex wp-container-core-columns-is-layout-494b7923 wp-block-columns-is-layout-flex\">\n<div class=\"wp-block-column is-layout-flow wp-block-column-is-layout-flow\" style=\"padding-top:var(--wp--preset--spacing--medium);padding-bottom:var(--wp--preset--spacing--medium);flex-basis:30%\">\n<div class=\"wp-block-group alignwide has-global-padding is-layout-constrained wp-block-group-is-layout-constrained\">\n<figure class=\"wp-block-image size-large has-custom-border\"><img loading=\"lazy\" decoding=\"async\" width=\"857\" height=\"857\" src=\"https:\/\/theorg-homepageservice-kunden.de\/musterseite-4\/wp-content\/uploads\/sites\/5\/2025\/07\/physio_entspannungstherapie-1-edited.webp\" alt=\"\" class=\"wp-image-219\" style=\"border-radius:32px\" srcset=\"https:\/\/theorg-homepageservice-kunden.de\/musterseite-4\/wp-content\/uploads\/sites\/5\/2025\/07\/physio_entspannungstherapie-1-edited.webp 857w, https:\/\/theorg-homepageservice-kunden.de\/musterseite-4\/wp-content\/uploads\/sites\/5\/2025\/07\/physio_entspannungstherapie-1-edited-300x300.webp 300w, https:\/\/theorg-homepageservice-kunden.de\/musterseite-4\/wp-content\/uploads\/sites\/5\/2025\/07\/physio_entspannungstherapie-1-edited-150x150.webp 150w, https:\/\/theorg-homepageservice-kunden.de\/musterseite-4\/wp-content\/uploads\/sites\/5\/2025\/07\/physio_entspannungstherapie-1-edited-768x768.webp 768w\" sizes=\"auto, (max-width: 857px) 100vw, 857px\" \/><\/figure>\n<\/div>\n<\/div>\n\n\n\n<div class=\"wp-block-column is-vertically-aligned-center is-layout-flow wp-block-column-is-layout-flow\" style=\"flex-basis:70%\">\n<p>In unserer Praxis bieten wir gezielte Entspannungstherapien an, die darauf abzielen, Stress abzubauen und das allgemeine Wohlbefinden zu steigern. Ob progressive Muskelentspannung, Atem\u00fcbungen oder spezielle Massagetechniken \u2013 wir passen die Methoden individuell an Ihre Bed\u00fcrfnisse an.<\/p>\n\n\n\n<p>Diese Therapien helfen nicht nur bei der Regeneration nach Verletzungen oder Verspannungen, sondern f\u00f6rdern auch die innere Balance und eine nachhaltige Entspannung. G\u00f6nnen Sie Ihrem K\u00f6rper und Geist eine Auszeit und profitieren Sie von unseren professionellen Entspannungsangeboten, um den Alltag mit neuer Energie zu meistern.<\/p>\n<\/div>\n<\/div>\n<\/div>\n\n\n\n<div class=\"wp-block-group alignfull has-global-padding is-layout-constrained wp-block-group-is-layout-constrained\" style=\"padding-top:var(--wp--preset--spacing--xx-large);padding-bottom:var(--wp--preset--spacing--xx-large)\">\n<div class=\"wp-block-group alignwide has-global-padding is-layout-constrained wp-block-group-is-layout-constrained\">\n<h2 class=\"wp-block-heading alignwide\" style=\"margin-bottom:var(--wp--preset--spacing--large)\">Entspannungstherapie in unserer Praxis<\/h2>\n\n\n\n<div class=\"wp-block-columns alignwide is-layout-flex wp-container-core-columns-is-layout-b11aa81f wp-block-columns-is-layout-flex\" style=\"margin-top:var(--wp--preset--spacing--x-small);margin-bottom:var(--wp--preset--spacing--x-small)\">\n<div class=\"wp-block-column has-quaternary-background-color has-background is-layout-flow wp-block-column-is-layout-flow\" style=\"border-radius:32px;padding-top:var(--wp--preset--spacing--large);padding-right:var(--wp--preset--spacing--medium);padding-bottom:var(--wp--preset--spacing--large);padding-left:var(--wp--preset--spacing--medium)\">\n<h3 class=\"wp-block-heading has-large-font-size\">Progressive Muskelentspannung<\/h3>\n\n\n\n<p>Bewusste An- und Entspannung bestimmter Muskelgruppen zur F\u00f6rderung tiefer Entspannung.<\/p>\n<\/div>\n\n\n\n<div class=\"wp-block-column has-quaternary-background-color has-background is-layout-flow wp-block-column-is-layout-flow\" style=\"border-radius:32px;padding-top:var(--wp--preset--spacing--large);padding-right:var(--wp--preset--spacing--medium);padding-bottom:var(--wp--preset--spacing--large);padding-left:var(--wp--preset--spacing--medium)\">\n<h3 class=\"wp-block-heading has-large-font-size\">Atemtherapie<\/h3>\n\n\n\n<p>Gezielte Atem\u00fcbungen zur Beruhigung des Nervensystems und Verbesserung der Sauerstoffversorgung.<\/p>\n<\/div>\n\n\n\n<div class=\"wp-block-column is-vertically-aligned-stretch has-quaternary-background-color has-background is-layout-flow wp-block-column-is-layout-flow\" style=\"border-radius:32px;padding-top:var(--wp--preset--spacing--large);padding-right:var(--wp--preset--spacing--medium);padding-bottom:var(--wp--preset--spacing--large);padding-left:var(--wp--preset--spacing--medium)\">\n<h3 class=\"wp-block-heading has-large-font-size\">Aromatherapie-Massagen<\/h3>\n\n\n\n<p>Bewusste An- und Entspannung bestimmter Muskelgruppen zur F\u00f6rderung tiefer Entspannung.<\/p>\n<\/div>\n<\/div>\n\n\n\n<div class=\"wp-block-columns alignwide is-layout-flex wp-container-core-columns-is-layout-b11aa81f wp-block-columns-is-layout-flex\" style=\"margin-top:var(--wp--preset--spacing--x-small);margin-bottom:var(--wp--preset--spacing--x-small)\">\n<div class=\"wp-block-column has-quaternary-background-color has-background is-layout-flow wp-block-column-is-layout-flow\" style=\"border-radius:32px;padding-top:var(--wp--preset--spacing--large);padding-right:var(--wp--preset--spacing--medium);padding-bottom:var(--wp--preset--spacing--large);padding-left:var(--wp--preset--spacing--medium)\">\n<h3 class=\"wp-block-heading has-large-font-size\">W\u00e4rmetherapie<\/h3>\n\n\n\n<p>Anwendung von W\u00e4rmekompressen oder W\u00e4rmepackungen zur Lockerung verspannter Muskeln.<\/p>\n<\/div>\n\n\n\n<div class=\"wp-block-column has-quaternary-background-color has-background is-layout-flow wp-block-column-is-layout-flow\" style=\"border-radius:32px;padding-top:var(--wp--preset--spacing--large);padding-right:var(--wp--preset--spacing--medium);padding-bottom:var(--wp--preset--spacing--large);padding-left:var(--wp--preset--spacing--medium)\">\n<h3 class=\"wp-block-heading has-large-font-size\">Manuelle Lymphdrainage<\/h3>\n\n\n\n<p>Sanfte Massagetechnik zur Reduktion von Schwellungen und F\u00f6rderung der Entspannung.<\/p>\n<\/div>\n\n\n\n<div class=\"wp-block-column is-vertically-aligned-stretch has-quaternary-background-color has-background is-layout-flow wp-block-column-is-layout-flow\" style=\"border-radius:32px;padding-top:var(--wp--preset--spacing--large);padding-right:var(--wp--preset--spacing--medium);padding-bottom:var(--wp--preset--spacing--large);padding-left:var(--wp--preset--spacing--medium)\">\n<h3 class=\"wp-block-heading has-large-font-size\">Klangtherapie<\/h3>\n\n\n\n<p>Einsatz von Klangschalen oder beruhigender Musik, um einen Zustand tiefer Entspannung zu erreichen.<\/p>\n<\/div>\n<\/div>\n\n\n\n<div style=\"height:50px\" aria-hidden=\"true\" class=\"wp-block-spacer\"><\/div>\n<\/div>\n<\/div>\n\n\n\n<div class=\"wp-block-cover alignfull\" style=\"margin-top:0;margin-bottom:0;padding-top:170px;padding-bottom:170px\"><img loading=\"lazy\" decoding=\"async\" width=\"1024\" height=\"585\" class=\"wp-block-cover__image-background wp-image-9 size-large\" alt=\"\" src=\"https:\/\/theorg-homepageservice-kunden.de\/musterseite-4\/wp-content\/uploads\/sites\/5\/2025\/06\/physio_entspannungstherapie-1-1024x585.webp\" data-object-fit=\"cover\" srcset=\"https:\/\/theorg-homepageservice-kunden.de\/musterseite-4\/wp-content\/uploads\/sites\/5\/2025\/06\/physio_entspannungstherapie-1-1024x585.webp 1024w, https:\/\/theorg-homepageservice-kunden.de\/musterseite-4\/wp-content\/uploads\/sites\/5\/2025\/06\/physio_entspannungstherapie-1-300x171.webp 300w, https:\/\/theorg-homepageservice-kunden.de\/musterseite-4\/wp-content\/uploads\/sites\/5\/2025\/06\/physio_entspannungstherapie-1-768x439.webp 768w, https:\/\/theorg-homepageservice-kunden.de\/musterseite-4\/wp-content\/uploads\/sites\/5\/2025\/06\/physio_entspannungstherapie-1.webp 1500w\" sizes=\"auto, (max-width: 1024px) 100vw, 1024px\" \/><span aria-hidden=\"true\" class=\"wp-block-cover__background has-background-dim-80 has-background-dim\" style=\"background-color:#113a68\"><\/span><div class=\"wp-block-cover__inner-container is-layout-flow wp-block-cover-is-layout-flow\">\n<div class=\"wp-block-group alignfull animated fadeInUp faster has-global-padding is-layout-constrained wp-block-group-is-layout-constrained\">\n<h1 class=\"wp-block-heading has-text-align-center has-white-color has-text-color has-xxx-large-font-size\" style=\"letter-spacing:-1px\">Bewegung. Gesundheit. Lebensfreude.<\/h1>\n\n\n\n<p class=\"has-text-align-center has-white-color has-text-color\">Wir begleiten Sie auf Ihrem Weg zu Gesundheit und Lebensqualit\u00e4t \u2013 mit individuellen Therapien und pers\u00f6nlicher Betreuung.<\/p>\n\n\n\n<div class=\"wp-block-uagb-buttons uagb-buttons__outer-wrap uagb-btn__default-btn uagb-btn-tablet__default-btn uagb-btn-mobile__default-btn uagb-block-dbafcbb6\"><div class=\"uagb-buttons__wrap uagb-buttons-layout-wrap \">\n<div class=\"wp-block-uagb-buttons-child uagb-buttons__outer-wrap uagb-block-5b63723f wp-block-button\"><div class=\"uagb-button__wrapper\"><a class=\"uagb-buttons-repeater wp-block-button__link\" aria-label=\"\" href=\"https:\/\/theorg-homepageservice-kunden.de\/musterseite-4\/kontakt\/\" rel=\"follow noopener\" target=\"_self\" role=\"button\"><div class=\"uagb-button__link\">Jetzt Termin vereinbaren<\/div><\/a><\/div><\/div>\n<\/div><\/div>\n<\/div>\n<\/div><\/div>\n\n\n\n<p><\/p>\n","protected":false},"excerpt":{"rendered":"<p>In unserer Praxis bieten wir gezielte Entspannungstherapien an, die darauf abzielen, Stress abzubauen und das allgemeine Wohlbefinden zu steigern. Ob progressive Muskelentspannung, Atem\u00fcbungen oder spezielle Massagetechniken \u2013 wir passen die Methoden individuell an Ihre Bed\u00fcrfnisse an. Diese Therapien helfen nicht nur bei der Regeneration nach Verletzungen oder Verspannungen, sondern f\u00f6rdern auch die innere Balance und [&hellip;]<\/p>\n","protected":false},"author":1,"featured_media":0,"parent":0,"menu_order":0,"comment_status":"closed","ping_status":"closed","template":"","meta":{"_uag_custom_page_level_css":"","_swt_meta_header_display":false,"_swt_meta_footer_display":false,"_swt_meta_site_title_display":false,"_swt_meta_sticky_header":false,"_swt_meta_transparent_header":false,"footnotes":""},"class_list":["post-215","page","type-page","status-publish","hentry"],"yoast_head":"<!-- This site is optimized with the Yoast SEO plugin v27.1.1 - https:\/\/yoast.com\/product\/yoast-seo-wordpress\/ -->\n<title>Entspannungstherapie - Musterseite 4<\/title>\n<meta name=\"robots\" content=\"noindex, follow, max-snippet:-1, max-image-preview:large, max-video-preview:-1\" \/>\n<meta property=\"og:locale\" content=\"de_DE\" \/>\n<meta property=\"og:type\" content=\"article\" \/>\n<meta property=\"og:title\" content=\"Entspannungstherapie - Musterseite 4\" \/>\n<meta property=\"og:description\" content=\"In unserer Praxis bieten wir gezielte Entspannungstherapien an, die darauf abzielen, Stress abzubauen und das allgemeine Wohlbefinden zu steigern. Ob progressive Muskelentspannung, Atem\u00fcbungen oder spezielle Massagetechniken \u2013 wir passen die Methoden individuell an Ihre Bed\u00fcrfnisse an. Diese Therapien helfen nicht nur bei der Regeneration nach Verletzungen oder Verspannungen, sondern f\u00f6rdern auch die innere Balance und [&hellip;]\" \/>\n<meta property=\"og:url\" content=\"https:\/\/theorg-homepageservice-kunden.de\/musterseite-4\/entspannungstherapie\/\" \/>\n<meta property=\"og:site_name\" content=\"Musterseite 4\" \/>\n<meta property=\"article:modified_time\" content=\"2025-08-12T09:53:02+00:00\" \/>\n<meta property=\"og:image\" content=\"https:\/\/theorg-homepageservice-kunden.de\/musterseite-4\/wp-content\/uploads\/sites\/5\/2025\/07\/physio_entspannungstherapie-1-edited.webp\" \/>\n\t<meta property=\"og:image:width\" content=\"857\" \/>\n\t<meta property=\"og:image:height\" content=\"857\" \/>\n\t<meta property=\"og:image:type\" content=\"image\/webp\" \/>\n<meta name=\"twitter:card\" content=\"summary_large_image\" \/>\n<meta name=\"twitter:label1\" content=\"Gesch\u00e4tzte Lesezeit\" \/>\n\t<meta name=\"twitter:data1\" content=\"2\u00a0Minuten\" \/>\n<script type=\"application\/ld+json\" class=\"yoast-schema-graph\">{\"@context\":\"https:\/\/schema.org\",\"@graph\":[{\"@type\":\"WebPage\",\"@id\":\"https:\/\/theorg-homepageservice-kunden.de\/musterseite-4\/entspannungstherapie\/\",\"url\":\"https:\/\/theorg-homepageservice-kunden.de\/musterseite-4\/entspannungstherapie\/\",\"name\":\"Entspannungstherapie - Musterseite 4\",\"isPartOf\":{\"@id\":\"https:\/\/theorg-homepageservice-kunden.de\/musterseite-4\/#website\"},\"primaryImageOfPage\":{\"@id\":\"https:\/\/theorg-homepageservice-kunden.de\/musterseite-4\/entspannungstherapie\/#primaryimage\"},\"image\":{\"@id\":\"https:\/\/theorg-homepageservice-kunden.de\/musterseite-4\/entspannungstherapie\/#primaryimage\"},\"thumbnailUrl\":\"https:\/\/theorg-homepageservice-kunden.de\/musterseite-4\/wp-content\/uploads\/sites\/5\/2025\/07\/physio_entspannungstherapie-1-edited.webp\",\"datePublished\":\"2025-07-08T12:24:15+00:00\",\"dateModified\":\"2025-08-12T09:53:02+00:00\",\"breadcrumb\":{\"@id\":\"https:\/\/theorg-homepageservice-kunden.de\/musterseite-4\/entspannungstherapie\/#breadcrumb\"},\"inLanguage\":\"de\",\"potentialAction\":[{\"@type\":\"ReadAction\",\"target\":[\"https:\/\/theorg-homepageservice-kunden.de\/musterseite-4\/entspannungstherapie\/\"]}]},{\"@type\":\"ImageObject\",\"inLanguage\":\"de\",\"@id\":\"https:\/\/theorg-homepageservice-kunden.de\/musterseite-4\/entspannungstherapie\/#primaryimage\",\"url\":\"https:\/\/theorg-homepageservice-kunden.de\/musterseite-4\/wp-content\/uploads\/sites\/5\/2025\/07\/physio_entspannungstherapie-1-edited.webp\",\"contentUrl\":\"https:\/\/theorg-homepageservice-kunden.de\/musterseite-4\/wp-content\/uploads\/sites\/5\/2025\/07\/physio_entspannungstherapie-1-edited.webp\",\"width\":857,\"height\":857},{\"@type\":\"BreadcrumbList\",\"@id\":\"https:\/\/theorg-homepageservice-kunden.de\/musterseite-4\/entspannungstherapie\/#breadcrumb\",\"itemListElement\":[{\"@type\":\"ListItem\",\"position\":1,\"name\":\"Startseite\",\"item\":\"https:\/\/theorg-homepageservice-kunden.de\/musterseite-4\/\"},{\"@type\":\"ListItem\",\"position\":2,\"name\":\"Entspannungstherapie\"}]},{\"@type\":\"WebSite\",\"@id\":\"https:\/\/theorg-homepageservice-kunden.de\/musterseite-4\/#website\",\"url\":\"https:\/\/theorg-homepageservice-kunden.de\/musterseite-4\/\",\"name\":\"Musterseite 4\",\"description\":\"\",\"publisher\":{\"@id\":\"https:\/\/theorg-homepageservice-kunden.de\/musterseite-4\/#organization\"},\"potentialAction\":[{\"@type\":\"SearchAction\",\"target\":{\"@type\":\"EntryPoint\",\"urlTemplate\":\"https:\/\/theorg-homepageservice-kunden.de\/musterseite-4\/?s={search_term_string}\"},\"query-input\":{\"@type\":\"PropertyValueSpecification\",\"valueRequired\":true,\"valueName\":\"search_term_string\"}}],\"inLanguage\":\"de\"},{\"@type\":\"Organization\",\"@id\":\"https:\/\/theorg-homepageservice-kunden.de\/musterseite-4\/#organization\",\"name\":\"Musterseite 4\",\"url\":\"https:\/\/theorg-homepageservice-kunden.de\/musterseite-4\/\",\"logo\":{\"@type\":\"ImageObject\",\"inLanguage\":\"de\",\"@id\":\"https:\/\/theorg-homepageservice-kunden.de\/musterseite-4\/#\/schema\/logo\/image\/\",\"url\":\"https:\/\/theorg-homepageservice-kunden.de\/musterseite-4\/wp-content\/uploads\/sites\/5\/2025\/08\/sanare_logo_dunkelblau.webp\",\"contentUrl\":\"https:\/\/theorg-homepageservice-kunden.de\/musterseite-4\/wp-content\/uploads\/sites\/5\/2025\/08\/sanare_logo_dunkelblau.webp\",\"width\":512,\"height\":129,\"caption\":\"Musterseite 4\"},\"image\":{\"@id\":\"https:\/\/theorg-homepageservice-kunden.de\/musterseite-4\/#\/schema\/logo\/image\/\"}}]}<\/script>\n<!-- \/ Yoast SEO plugin. -->","yoast_head_json":{"title":"Entspannungstherapie - Musterseite 4","robots":{"index":"noindex","follow":"follow","max-snippet":"max-snippet:-1","max-image-preview":"max-image-preview:large","max-video-preview":"max-video-preview:-1"},"og_locale":"de_DE","og_type":"article","og_title":"Entspannungstherapie - Musterseite 4","og_description":"In unserer Praxis bieten wir gezielte Entspannungstherapien an, die darauf abzielen, Stress abzubauen und das allgemeine Wohlbefinden zu steigern. Ob progressive Muskelentspannung, Atem\u00fcbungen oder spezielle Massagetechniken \u2013 wir passen die Methoden individuell an Ihre Bed\u00fcrfnisse an. Diese Therapien helfen nicht nur bei der Regeneration nach Verletzungen oder Verspannungen, sondern f\u00f6rdern auch die innere Balance und [&hellip;]","og_url":"https:\/\/theorg-homepageservice-kunden.de\/musterseite-4\/entspannungstherapie\/","og_site_name":"Musterseite 4","article_modified_time":"2025-08-12T09:53:02+00:00","og_image":[{"width":857,"height":857,"url":"https:\/\/theorg-homepageservice-kunden.de\/musterseite-4\/wp-content\/uploads\/sites\/5\/2025\/07\/physio_entspannungstherapie-1-edited.webp","type":"image\/webp"}],"twitter_card":"summary_large_image","twitter_misc":{"Gesch\u00e4tzte Lesezeit":"2\u00a0Minuten"},"schema":{"@context":"https:\/\/schema.org","@graph":[{"@type":"WebPage","@id":"https:\/\/theorg-homepageservice-kunden.de\/musterseite-4\/entspannungstherapie\/","url":"https:\/\/theorg-homepageservice-kunden.de\/musterseite-4\/entspannungstherapie\/","name":"Entspannungstherapie - Musterseite 4","isPartOf":{"@id":"https:\/\/theorg-homepageservice-kunden.de\/musterseite-4\/#website"},"primaryImageOfPage":{"@id":"https:\/\/theorg-homepageservice-kunden.de\/musterseite-4\/entspannungstherapie\/#primaryimage"},"image":{"@id":"https:\/\/theorg-homepageservice-kunden.de\/musterseite-4\/entspannungstherapie\/#primaryimage"},"thumbnailUrl":"https:\/\/theorg-homepageservice-kunden.de\/musterseite-4\/wp-content\/uploads\/sites\/5\/2025\/07\/physio_entspannungstherapie-1-edited.webp","datePublished":"2025-07-08T12:24:15+00:00","dateModified":"2025-08-12T09:53:02+00:00","breadcrumb":{"@id":"https:\/\/theorg-homepageservice-kunden.de\/musterseite-4\/entspannungstherapie\/#breadcrumb"},"inLanguage":"de","potentialAction":[{"@type":"ReadAction","target":["https:\/\/theorg-homepageservice-kunden.de\/musterseite-4\/entspannungstherapie\/"]}]},{"@type":"ImageObject","inLanguage":"de","@id":"https:\/\/theorg-homepageservice-kunden.de\/musterseite-4\/entspannungstherapie\/#primaryimage","url":"https:\/\/theorg-homepageservice-kunden.de\/musterseite-4\/wp-content\/uploads\/sites\/5\/2025\/07\/physio_entspannungstherapie-1-edited.webp","contentUrl":"https:\/\/theorg-homepageservice-kunden.de\/musterseite-4\/wp-content\/uploads\/sites\/5\/2025\/07\/physio_entspannungstherapie-1-edited.webp","width":857,"height":857},{"@type":"BreadcrumbList","@id":"https:\/\/theorg-homepageservice-kunden.de\/musterseite-4\/entspannungstherapie\/#breadcrumb","itemListElement":[{"@type":"ListItem","position":1,"name":"Startseite","item":"https:\/\/theorg-homepageservice-kunden.de\/musterseite-4\/"},{"@type":"ListItem","position":2,"name":"Entspannungstherapie"}]},{"@type":"WebSite","@id":"https:\/\/theorg-homepageservice-kunden.de\/musterseite-4\/#website","url":"https:\/\/theorg-homepageservice-kunden.de\/musterseite-4\/","name":"Musterseite 4","description":"","publisher":{"@id":"https:\/\/theorg-homepageservice-kunden.de\/musterseite-4\/#organization"},"potentialAction":[{"@type":"SearchAction","target":{"@type":"EntryPoint","urlTemplate":"https:\/\/theorg-homepageservice-kunden.de\/musterseite-4\/?s={search_term_string}"},"query-input":{"@type":"PropertyValueSpecification","valueRequired":true,"valueName":"search_term_string"}}],"inLanguage":"de"},{"@type":"Organization","@id":"https:\/\/theorg-homepageservice-kunden.de\/musterseite-4\/#organization","name":"Musterseite 4","url":"https:\/\/theorg-homepageservice-kunden.de\/musterseite-4\/","logo":{"@type":"ImageObject","inLanguage":"de","@id":"https:\/\/theorg-homepageservice-kunden.de\/musterseite-4\/#\/schema\/logo\/image\/","url":"https:\/\/theorg-homepageservice-kunden.de\/musterseite-4\/wp-content\/uploads\/sites\/5\/2025\/08\/sanare_logo_dunkelblau.webp","contentUrl":"https:\/\/theorg-homepageservice-kunden.de\/musterseite-4\/wp-content\/uploads\/sites\/5\/2025\/08\/sanare_logo_dunkelblau.webp","width":512,"height":129,"caption":"Musterseite 4"},"image":{"@id":"https:\/\/theorg-homepageservice-kunden.de\/musterseite-4\/#\/schema\/logo\/image\/"}}]}},"uagb_featured_image_src":{"full":false,"thumbnail":false,"medium":false,"medium_large":false,"large":false,"1536x1536":false,"2048x2048":false},"uagb_author_info":{"display_name":"admin_marketing","author_link":"https:\/\/theorg-homepageservice-kunden.de\/musterseite-4\/author\/admin\/"},"uagb_comment_info":0,"uagb_excerpt":"In unserer Praxis bieten wir gezielte Entspannungstherapien an, die darauf abzielen, Stress abzubauen und das allgemeine Wohlbefinden zu steigern. Ob progressive Muskelentspannung, Atem\u00fcbungen oder spezielle Massagetechniken \u2013 wir passen die Methoden individuell an Ihre Bed\u00fcrfnisse an. Diese Therapien helfen nicht nur bei der Regeneration nach Verletzungen oder Verspannungen, sondern f\u00f6rdern auch die innere Balance und&hellip;","_links":{"self":[{"href":"https:\/\/theorg-homepageservice-kunden.de\/musterseite-4\/wp-json\/wp\/v2\/pages\/215","targetHints":{"allow":["GET"]}}],"collection":[{"href":"https:\/\/theorg-homepageservice-kunden.de\/musterseite-4\/wp-json\/wp\/v2\/pages"}],"about":[{"href":"https:\/\/theorg-homepageservice-kunden.de\/musterseite-4\/wp-json\/wp\/v2\/types\/page"}],"author":[{"embeddable":true,"href":"https:\/\/theorg-homepageservice-kunden.de\/musterseite-4\/wp-json\/wp\/v2\/users\/1"}],"replies":[{"embeddable":true,"href":"https:\/\/theorg-homepageservice-kunden.de\/musterseite-4\/wp-json\/wp\/v2\/comments?post=215"}],"version-history":[{"count":21,"href":"https:\/\/theorg-homepageservice-kunden.de\/musterseite-4\/wp-json\/wp\/v2\/pages\/215\/revisions"}],"predecessor-version":[{"id":552,"href":"https:\/\/theorg-homepageservice-kunden.de\/musterseite-4\/wp-json\/wp\/v2\/pages\/215\/revisions\/552"}],"wp:attachment":[{"href":"https:\/\/theorg-homepageservice-kunden.de\/musterseite-4\/wp-json\/wp\/v2\/media?parent=215"}],"curies":[{"name":"wp","href":"https:\/\/api.w.org\/{rel}","templated":true}]}}