{"id":264,"date":"2025-07-08T15:06:22","date_gmt":"2025-07-08T13:06:22","guid":{"rendered":"https:\/\/theorg-homepageservice-kunden.de\/musterseite-4\/?page_id=264"},"modified":"2025-08-12T12:03:58","modified_gmt":"2025-08-12T10:03:58","slug":"ueber-sanare","status":"publish","type":"page","link":"https:\/\/theorg-homepageservice-kunden.de\/musterseite-4\/ueber-sanare\/","title":{"rendered":"\u00dcber sanare"},"content":{"rendered":"\n<div class=\"wp-block-group alignfull m-pt-70 has-quaternary-background-color has-background has-global-padding is-layout-constrained wp-block-group-is-layout-constrained\" style=\"margin-top:0;margin-bottom:0;padding-top:170px;padding-bottom:0\">\n<div class=\"wp-block-group alignwide has-global-padding is-layout-constrained wp-container-core-group-is-layout-7db9d80f wp-block-group-is-layout-constrained\" style=\"padding-right:0;padding-left:0\">\n<div class=\"wp-block-group alignwide has-global-padding is-layout-constrained wp-block-group-is-layout-constrained\" style=\"padding-top:32px\">\n<div class=\"wp-block-columns alignwide is-layout-flex wp-container-core-columns-is-layout-28f84493 wp-block-columns-is-layout-flex\">\n<div class=\"wp-block-column is-layout-flow wp-block-column-is-layout-flow\" style=\"flex-basis:50%\">\n<p>\u00dcber Sanare<\/p>\n\n\n\n<h1 class=\"wp-block-heading\">Ihr Wohlbefinden ist unser Ziel<\/h1>\n<\/div>\n\n\n\n<div class=\"wp-block-column is-layout-flow wp-block-column-is-layout-flow\" style=\"flex-basis:50%\">\n<p>In unseren modern ausgestatteten R\u00e4umen bieten wir Ihnen Physiotherapie und vielseitige Wellnessleistungen \u2013 alles f\u00fcr Ihre Mobilit\u00e4t Gesundheit und Entspannung.<\/p>\n\n\n\n<p>Nach einer ausf\u00fchrlichen Untersuchung erstellen unsere erfahrenen Physiotherapeuten einen ma\u00dfgeschneiderten Behandlungsplan f\u00fcr Sie.&nbsp;Dieser Plan umfasst nicht nur die Therapie in unserer Praxis, sondern auch einfache \u00dcbungen f\u00fcr zu Hause, damit Sie aktiv zu Ihrem Heilungsprozess beitragen k\u00f6nnen.<\/p>\n<\/div>\n<\/div>\n<\/div>\n\n\n\n<figure class=\"wp-block-image alignwide size-full has-custom-border image-downshift\" style=\"margin-top:0rem\"><img loading=\"lazy\" decoding=\"async\" width=\"1500\" height=\"844\" src=\"https:\/\/theorg-homepageservice-kunden.de\/musterseite-4\/wp-content\/uploads\/sites\/5\/2025\/07\/team_physiotherapie_firefly_2-1-edited.webp\" alt=\"\" class=\"wp-image-266\" style=\"border-radius:32px\" srcset=\"https:\/\/theorg-homepageservice-kunden.de\/musterseite-4\/wp-content\/uploads\/sites\/5\/2025\/07\/team_physiotherapie_firefly_2-1-edited.webp 1500w, https:\/\/theorg-homepageservice-kunden.de\/musterseite-4\/wp-content\/uploads\/sites\/5\/2025\/07\/team_physiotherapie_firefly_2-1-edited-300x169.webp 300w, https:\/\/theorg-homepageservice-kunden.de\/musterseite-4\/wp-content\/uploads\/sites\/5\/2025\/07\/team_physiotherapie_firefly_2-1-edited-1024x576.webp 1024w, https:\/\/theorg-homepageservice-kunden.de\/musterseite-4\/wp-content\/uploads\/sites\/5\/2025\/07\/team_physiotherapie_firefly_2-1-edited-768x432.webp 768w\" sizes=\"auto, (max-width: 1500px) 100vw, 1500px\" \/><\/figure>\n<\/div>\n<\/div>\n\n\n\n<div style=\"height:100px\" aria-hidden=\"true\" class=\"wp-block-spacer\"><\/div>\n\n\n\n<div class=\"wp-block-group alignfull animated fadeInUp has-global-padding is-layout-constrained wp-block-group-is-layout-constrained\" style=\"padding-top:var(--wp--preset--spacing--xx-large);padding-bottom:var(--wp--preset--spacing--xx-large)\">\n<div class=\"wp-block-group alignwide has-global-padding is-layout-constrained wp-container-core-group-is-layout-fa72c8b5 wp-block-group-is-layout-constrained\" style=\"padding-top:var(--wp--preset--spacing--x-large);padding-bottom:var(--wp--preset--spacing--x-large)\">\n<div class=\"wp-block-columns alignwide animated fadeInUp faster is-layout-flex wp-container-core-columns-is-layout-00f84694 wp-block-columns-is-layout-flex\">\n<div class=\"wp-block-column is-layout-flow wp-block-column-is-layout-flow\">\n<figure class=\"wp-block-image size-large has-custom-border\"><img loading=\"lazy\" decoding=\"async\" width=\"797\" height=\"1024\" src=\"https:\/\/theorg-homepageservice-kunden.de\/musterseite-4\/wp-content\/uploads\/sites\/5\/2025\/06\/team_physiotherapeutin_3-797x1024.webp\" alt=\"\" class=\"wp-image-8\" style=\"border-radius:32px\" srcset=\"https:\/\/theorg-homepageservice-kunden.de\/musterseite-4\/wp-content\/uploads\/sites\/5\/2025\/06\/team_physiotherapeutin_3-797x1024.webp 797w, https:\/\/theorg-homepageservice-kunden.de\/musterseite-4\/wp-content\/uploads\/sites\/5\/2025\/06\/team_physiotherapeutin_3-233x300.webp 233w, https:\/\/theorg-homepageservice-kunden.de\/musterseite-4\/wp-content\/uploads\/sites\/5\/2025\/06\/team_physiotherapeutin_3-768x987.webp 768w, https:\/\/theorg-homepageservice-kunden.de\/musterseite-4\/wp-content\/uploads\/sites\/5\/2025\/06\/team_physiotherapeutin_3.webp 1167w\" sizes=\"auto, (max-width: 797px) 100vw, 797px\" \/><\/figure>\n<\/div>\n\n\n\n<div class=\"wp-block-column is-vertically-aligned-center is-layout-flow wp-block-column-is-layout-flow\">\n<p>Ganzheitliche Leistungen<\/p>\n\n\n\n<h2 class=\"wp-block-heading\">F\u00fcr Ihre Mobilit\u00e4t und Lebensqualit\u00e4t<\/h2>\n\n\n\n<p>Unsere Praxis vereint moderne Behandlungsmethoden mit pers\u00f6nlicher Betreuung. Unser Ziel ist es, Ihre Mobilit\u00e4t zu f\u00f6rdern, Schmerzen zu lindern und Ihre Lebensqualit\u00e4t zu verbessern.<\/p>\n\n\n\n<p>Mit einem erfahrenen Team aus Physiotherapeuten und einem ganzheitlichen Ansatz k\u00fcmmern wir uns individuell um Ihre Bed\u00fcrfnisse.<\/p>\n\n\n\n<div class=\"wp-block-uagb-buttons uagb-buttons__outer-wrap uagb-btn__default-btn uagb-btn-tablet__default-btn uagb-btn-mobile__default-btn uagb-block-8d43de3a\"><div class=\"uagb-buttons__wrap uagb-buttons-layout-wrap \">\n<div class=\"wp-block-uagb-buttons-child uagb-buttons__outer-wrap uagb-block-b05db2f6 wp-block-button\"><div class=\"uagb-button__wrapper\"><a class=\"uagb-buttons-repeater wp-block-button__link\" aria-label=\"\" href=\"\/musterseite-4\/leistungen\" rel=\"follow noopener\" target=\"_self\" role=\"button\"><div class=\"uagb-button__link\">Zu unseren Leistungen<\/div><span class=\"uagb-button__icon uagb-button__icon-position-after\"><svg xmlns=\"https:\/\/www.w3.org\/2000\/svg\" viewBox=\"0 0 256 512\" aria-hidden=\"true\" focussable=\"false\"><path d=\"M64 448c-8.188 0-16.38-3.125-22.62-9.375c-12.5-12.5-12.5-32.75 0-45.25L178.8 256L41.38 118.6c-12.5-12.5-12.5-32.75 0-45.25s32.75-12.5 45.25 0l160 160c12.5 12.5 12.5 32.75 0 45.25l-160 160C80.38 444.9 72.19 448 64 448z\"><\/path><\/svg><\/span><\/a><\/div><\/div>\n<\/div><\/div>\n<\/div>\n<\/div>\n<\/div>\n<\/div>\n\n\n\n<p><\/p>\n","protected":false},"excerpt":{"rendered":"<p>\u00dcber Sanare Ihr Wohlbefinden ist unser Ziel In unseren modern ausgestatteten R\u00e4umen bieten wir Ihnen Physiotherapie und vielseitige Wellnessleistungen \u2013 alles f\u00fcr Ihre Mobilit\u00e4t Gesundheit und Entspannung. Nach einer ausf\u00fchrlichen Untersuchung erstellen unsere erfahrenen Physiotherapeuten einen ma\u00dfgeschneiderten Behandlungsplan f\u00fcr Sie.&nbsp;Dieser Plan umfasst nicht nur die Therapie in unserer Praxis, sondern auch einfache \u00dcbungen f\u00fcr zu [&hellip;]<\/p>\n","protected":false},"author":1,"featured_media":0,"parent":0,"menu_order":0,"comment_status":"closed","ping_status":"closed","template":"","meta":{"_uag_custom_page_level_css":"","_swt_meta_header_display":false,"_swt_meta_footer_display":false,"_swt_meta_site_title_display":true,"_swt_meta_sticky_header":false,"_swt_meta_transparent_header":false,"footnotes":""},"class_list":["post-264","page","type-page","status-publish","hentry"],"yoast_head":"<!-- This site is optimized with the Yoast SEO plugin v27.1.1 - https:\/\/yoast.com\/product\/yoast-seo-wordpress\/ -->\n<title>\u00dcber sanare - Musterseite 4<\/title>\n<meta name=\"robots\" content=\"noindex, follow, max-snippet:-1, max-image-preview:large, max-video-preview:-1\" \/>\n<meta property=\"og:locale\" content=\"de_DE\" \/>\n<meta property=\"og:type\" content=\"article\" \/>\n<meta property=\"og:title\" content=\"\u00dcber sanare - Musterseite 4\" \/>\n<meta property=\"og:description\" content=\"\u00dcber Sanare Ihr Wohlbefinden ist unser Ziel In unseren modern ausgestatteten R\u00e4umen bieten wir Ihnen Physiotherapie und vielseitige Wellnessleistungen \u2013 alles f\u00fcr Ihre Mobilit\u00e4t Gesundheit und Entspannung. Nach einer ausf\u00fchrlichen Untersuchung erstellen unsere erfahrenen Physiotherapeuten einen ma\u00dfgeschneiderten Behandlungsplan f\u00fcr Sie.&nbsp;Dieser Plan umfasst nicht nur die Therapie in unserer Praxis, sondern auch einfache \u00dcbungen f\u00fcr zu [&hellip;]\" \/>\n<meta property=\"og:url\" content=\"https:\/\/theorg-homepageservice-kunden.de\/musterseite-4\/ueber-sanare\/\" \/>\n<meta property=\"og:site_name\" content=\"Musterseite 4\" \/>\n<meta property=\"article:modified_time\" content=\"2025-08-12T10:03:58+00:00\" \/>\n<meta property=\"og:image\" content=\"https:\/\/theorg-homepageservice-kunden.de\/musterseite-4\/wp-content\/uploads\/sites\/5\/2025\/07\/team_physiotherapie_firefly_2-1-edited.webp\" \/>\n\t<meta property=\"og:image:width\" content=\"1500\" \/>\n\t<meta property=\"og:image:height\" content=\"844\" \/>\n\t<meta property=\"og:image:type\" content=\"image\/webp\" \/>\n<meta name=\"twitter:card\" content=\"summary_large_image\" \/>\n<meta name=\"twitter:label1\" content=\"Gesch\u00e4tzte Lesezeit\" \/>\n\t<meta name=\"twitter:data1\" content=\"2\u00a0Minuten\" \/>\n<script type=\"application\/ld+json\" class=\"yoast-schema-graph\">{\"@context\":\"https:\/\/schema.org\",\"@graph\":[{\"@type\":\"WebPage\",\"@id\":\"https:\/\/theorg-homepageservice-kunden.de\/musterseite-4\/ueber-sanare\/\",\"url\":\"https:\/\/theorg-homepageservice-kunden.de\/musterseite-4\/ueber-sanare\/\",\"name\":\"\u00dcber sanare - Musterseite 4\",\"isPartOf\":{\"@id\":\"https:\/\/theorg-homepageservice-kunden.de\/musterseite-4\/#website\"},\"primaryImageOfPage\":{\"@id\":\"https:\/\/theorg-homepageservice-kunden.de\/musterseite-4\/ueber-sanare\/#primaryimage\"},\"image\":{\"@id\":\"https:\/\/theorg-homepageservice-kunden.de\/musterseite-4\/ueber-sanare\/#primaryimage\"},\"thumbnailUrl\":\"https:\/\/theorg-homepageservice-kunden.de\/musterseite-4\/wp-content\/uploads\/sites\/5\/2025\/07\/team_physiotherapie_firefly_2-1-edited.webp\",\"datePublished\":\"2025-07-08T13:06:22+00:00\",\"dateModified\":\"2025-08-12T10:03:58+00:00\",\"breadcrumb\":{\"@id\":\"https:\/\/theorg-homepageservice-kunden.de\/musterseite-4\/ueber-sanare\/#breadcrumb\"},\"inLanguage\":\"de\",\"potentialAction\":[{\"@type\":\"ReadAction\",\"target\":[\"https:\/\/theorg-homepageservice-kunden.de\/musterseite-4\/ueber-sanare\/\"]}]},{\"@type\":\"ImageObject\",\"inLanguage\":\"de\",\"@id\":\"https:\/\/theorg-homepageservice-kunden.de\/musterseite-4\/ueber-sanare\/#primaryimage\",\"url\":\"https:\/\/theorg-homepageservice-kunden.de\/musterseite-4\/wp-content\/uploads\/sites\/5\/2025\/07\/team_physiotherapie_firefly_2-1-edited.webp\",\"contentUrl\":\"https:\/\/theorg-homepageservice-kunden.de\/musterseite-4\/wp-content\/uploads\/sites\/5\/2025\/07\/team_physiotherapie_firefly_2-1-edited.webp\",\"width\":1500,\"height\":844},{\"@type\":\"BreadcrumbList\",\"@id\":\"https:\/\/theorg-homepageservice-kunden.de\/musterseite-4\/ueber-sanare\/#breadcrumb\",\"itemListElement\":[{\"@type\":\"ListItem\",\"position\":1,\"name\":\"Startseite\",\"item\":\"https:\/\/theorg-homepageservice-kunden.de\/musterseite-4\/\"},{\"@type\":\"ListItem\",\"position\":2,\"name\":\"\u00dcber sanare\"}]},{\"@type\":\"WebSite\",\"@id\":\"https:\/\/theorg-homepageservice-kunden.de\/musterseite-4\/#website\",\"url\":\"https:\/\/theorg-homepageservice-kunden.de\/musterseite-4\/\",\"name\":\"Musterseite 4\",\"description\":\"\",\"publisher\":{\"@id\":\"https:\/\/theorg-homepageservice-kunden.de\/musterseite-4\/#organization\"},\"potentialAction\":[{\"@type\":\"SearchAction\",\"target\":{\"@type\":\"EntryPoint\",\"urlTemplate\":\"https:\/\/theorg-homepageservice-kunden.de\/musterseite-4\/?s={search_term_string}\"},\"query-input\":{\"@type\":\"PropertyValueSpecification\",\"valueRequired\":true,\"valueName\":\"search_term_string\"}}],\"inLanguage\":\"de\"},{\"@type\":\"Organization\",\"@id\":\"https:\/\/theorg-homepageservice-kunden.de\/musterseite-4\/#organization\",\"name\":\"Musterseite 4\",\"url\":\"https:\/\/theorg-homepageservice-kunden.de\/musterseite-4\/\",\"logo\":{\"@type\":\"ImageObject\",\"inLanguage\":\"de\",\"@id\":\"https:\/\/theorg-homepageservice-kunden.de\/musterseite-4\/#\/schema\/logo\/image\/\",\"url\":\"https:\/\/theorg-homepageservice-kunden.de\/musterseite-4\/wp-content\/uploads\/sites\/5\/2025\/08\/sanare_logo_dunkelblau.webp\",\"contentUrl\":\"https:\/\/theorg-homepageservice-kunden.de\/musterseite-4\/wp-content\/uploads\/sites\/5\/2025\/08\/sanare_logo_dunkelblau.webp\",\"width\":512,\"height\":129,\"caption\":\"Musterseite 4\"},\"image\":{\"@id\":\"https:\/\/theorg-homepageservice-kunden.de\/musterseite-4\/#\/schema\/logo\/image\/\"}}]}<\/script>\n<!-- \/ Yoast SEO plugin. -->","yoast_head_json":{"title":"\u00dcber sanare - Musterseite 4","robots":{"index":"noindex","follow":"follow","max-snippet":"max-snippet:-1","max-image-preview":"max-image-preview:large","max-video-preview":"max-video-preview:-1"},"og_locale":"de_DE","og_type":"article","og_title":"\u00dcber sanare - Musterseite 4","og_description":"\u00dcber Sanare Ihr Wohlbefinden ist unser Ziel In unseren modern ausgestatteten R\u00e4umen bieten wir Ihnen Physiotherapie und vielseitige Wellnessleistungen \u2013 alles f\u00fcr Ihre Mobilit\u00e4t Gesundheit und Entspannung. Nach einer ausf\u00fchrlichen Untersuchung erstellen unsere erfahrenen Physiotherapeuten einen ma\u00dfgeschneiderten Behandlungsplan f\u00fcr Sie.&nbsp;Dieser Plan umfasst nicht nur die Therapie in unserer Praxis, sondern auch einfache \u00dcbungen f\u00fcr zu [&hellip;]","og_url":"https:\/\/theorg-homepageservice-kunden.de\/musterseite-4\/ueber-sanare\/","og_site_name":"Musterseite 4","article_modified_time":"2025-08-12T10:03:58+00:00","og_image":[{"width":1500,"height":844,"url":"https:\/\/theorg-homepageservice-kunden.de\/musterseite-4\/wp-content\/uploads\/sites\/5\/2025\/07\/team_physiotherapie_firefly_2-1-edited.webp","type":"image\/webp"}],"twitter_card":"summary_large_image","twitter_misc":{"Gesch\u00e4tzte Lesezeit":"2\u00a0Minuten"},"schema":{"@context":"https:\/\/schema.org","@graph":[{"@type":"WebPage","@id":"https:\/\/theorg-homepageservice-kunden.de\/musterseite-4\/ueber-sanare\/","url":"https:\/\/theorg-homepageservice-kunden.de\/musterseite-4\/ueber-sanare\/","name":"\u00dcber sanare - Musterseite 4","isPartOf":{"@id":"https:\/\/theorg-homepageservice-kunden.de\/musterseite-4\/#website"},"primaryImageOfPage":{"@id":"https:\/\/theorg-homepageservice-kunden.de\/musterseite-4\/ueber-sanare\/#primaryimage"},"image":{"@id":"https:\/\/theorg-homepageservice-kunden.de\/musterseite-4\/ueber-sanare\/#primaryimage"},"thumbnailUrl":"https:\/\/theorg-homepageservice-kunden.de\/musterseite-4\/wp-content\/uploads\/sites\/5\/2025\/07\/team_physiotherapie_firefly_2-1-edited.webp","datePublished":"2025-07-08T13:06:22+00:00","dateModified":"2025-08-12T10:03:58+00:00","breadcrumb":{"@id":"https:\/\/theorg-homepageservice-kunden.de\/musterseite-4\/ueber-sanare\/#breadcrumb"},"inLanguage":"de","potentialAction":[{"@type":"ReadAction","target":["https:\/\/theorg-homepageservice-kunden.de\/musterseite-4\/ueber-sanare\/"]}]},{"@type":"ImageObject","inLanguage":"de","@id":"https:\/\/theorg-homepageservice-kunden.de\/musterseite-4\/ueber-sanare\/#primaryimage","url":"https:\/\/theorg-homepageservice-kunden.de\/musterseite-4\/wp-content\/uploads\/sites\/5\/2025\/07\/team_physiotherapie_firefly_2-1-edited.webp","contentUrl":"https:\/\/theorg-homepageservice-kunden.de\/musterseite-4\/wp-content\/uploads\/sites\/5\/2025\/07\/team_physiotherapie_firefly_2-1-edited.webp","width":1500,"height":844},{"@type":"BreadcrumbList","@id":"https:\/\/theorg-homepageservice-kunden.de\/musterseite-4\/ueber-sanare\/#breadcrumb","itemListElement":[{"@type":"ListItem","position":1,"name":"Startseite","item":"https:\/\/theorg-homepageservice-kunden.de\/musterseite-4\/"},{"@type":"ListItem","position":2,"name":"\u00dcber sanare"}]},{"@type":"WebSite","@id":"https:\/\/theorg-homepageservice-kunden.de\/musterseite-4\/#website","url":"https:\/\/theorg-homepageservice-kunden.de\/musterseite-4\/","name":"Musterseite 4","description":"","publisher":{"@id":"https:\/\/theorg-homepageservice-kunden.de\/musterseite-4\/#organization"},"potentialAction":[{"@type":"SearchAction","target":{"@type":"EntryPoint","urlTemplate":"https:\/\/theorg-homepageservice-kunden.de\/musterseite-4\/?s={search_term_string}"},"query-input":{"@type":"PropertyValueSpecification","valueRequired":true,"valueName":"search_term_string"}}],"inLanguage":"de"},{"@type":"Organization","@id":"https:\/\/theorg-homepageservice-kunden.de\/musterseite-4\/#organization","name":"Musterseite 4","url":"https:\/\/theorg-homepageservice-kunden.de\/musterseite-4\/","logo":{"@type":"ImageObject","inLanguage":"de","@id":"https:\/\/theorg-homepageservice-kunden.de\/musterseite-4\/#\/schema\/logo\/image\/","url":"https:\/\/theorg-homepageservice-kunden.de\/musterseite-4\/wp-content\/uploads\/sites\/5\/2025\/08\/sanare_logo_dunkelblau.webp","contentUrl":"https:\/\/theorg-homepageservice-kunden.de\/musterseite-4\/wp-content\/uploads\/sites\/5\/2025\/08\/sanare_logo_dunkelblau.webp","width":512,"height":129,"caption":"Musterseite 4"},"image":{"@id":"https:\/\/theorg-homepageservice-kunden.de\/musterseite-4\/#\/schema\/logo\/image\/"}}]}},"uagb_featured_image_src":{"full":false,"thumbnail":false,"medium":false,"medium_large":false,"large":false,"1536x1536":false,"2048x2048":false},"uagb_author_info":{"display_name":"admin_marketing","author_link":"https:\/\/theorg-homepageservice-kunden.de\/musterseite-4\/author\/admin\/"},"uagb_comment_info":0,"uagb_excerpt":"\u00dcber Sanare Ihr Wohlbefinden ist unser Ziel In unseren modern ausgestatteten R\u00e4umen bieten wir Ihnen Physiotherapie und vielseitige Wellnessleistungen \u2013 alles f\u00fcr Ihre Mobilit\u00e4t Gesundheit und Entspannung. Nach einer ausf\u00fchrlichen Untersuchung erstellen unsere erfahrenen Physiotherapeuten einen ma\u00dfgeschneiderten Behandlungsplan f\u00fcr Sie.&nbsp;Dieser Plan umfasst nicht nur die Therapie in unserer Praxis, sondern auch einfache \u00dcbungen f\u00fcr zu&hellip;","_links":{"self":[{"href":"https:\/\/theorg-homepageservice-kunden.de\/musterseite-4\/wp-json\/wp\/v2\/pages\/264","targetHints":{"allow":["GET"]}}],"collection":[{"href":"https:\/\/theorg-homepageservice-kunden.de\/musterseite-4\/wp-json\/wp\/v2\/pages"}],"about":[{"href":"https:\/\/theorg-homepageservice-kunden.de\/musterseite-4\/wp-json\/wp\/v2\/types\/page"}],"author":[{"embeddable":true,"href":"https:\/\/theorg-homepageservice-kunden.de\/musterseite-4\/wp-json\/wp\/v2\/users\/1"}],"replies":[{"embeddable":true,"href":"https:\/\/theorg-homepageservice-kunden.de\/musterseite-4\/wp-json\/wp\/v2\/comments?post=264"}],"version-history":[{"count":10,"href":"https:\/\/theorg-homepageservice-kunden.de\/musterseite-4\/wp-json\/wp\/v2\/pages\/264\/revisions"}],"predecessor-version":[{"id":570,"href":"https:\/\/theorg-homepageservice-kunden.de\/musterseite-4\/wp-json\/wp\/v2\/pages\/264\/revisions\/570"}],"wp:attachment":[{"href":"https:\/\/theorg-homepageservice-kunden.de\/musterseite-4\/wp-json\/wp\/v2\/media?parent=264"}],"curies":[{"name":"wp","href":"https:\/\/api.w.org\/{rel}","templated":true}]}}